ommon factor of r and 26.
13
Suppose 11 + 61 = 4*h. Calculate the greatest common factor of h and 18.
18
Let d(o) = 4*o - 2. Let l(s) = -s**2 + s + 1. Let c(y) = d(y) - 3*l(y). Let b be c(-4). Let u = b - 23. What is the highest common divisor of 128 and u?
16
Let g = 99 - 71. Let k(t) be the first derivative of -t**4/4 + t**3 + t**2/2 + 4*t - 4. Let n be k(3). What is the greatest common factor of g and n?
7
Let t = 24 + -17. Suppose -8*k - 21 = -11*k. Calculate the greatest common divisor of t and k.
7
Let g = 31 - 16. What is the greatest common divisor of g and 45?
15
Let a be (5*1)/(115/92). What is the greatest common divisor of a and 5?
1
Let f be (-36)/(1 + 1)*(-10)/30. Calculate the highest common divisor of 3 and f.
3
Let r(o) = -3*o**2 + 46*o + 20. Let w be r(15). What is the greatest common factor of w and 245?
35
Let d be 181/9 + (5 - (-230)/(-45)). What is the highest common factor of 160 and d?
20
Suppose 3*q - 3 = -5*f + 2*f, -2 = -2*q + f. Let k be 2 + -3 + 11/q. Suppose -5*l - 2*w = -4*l, 3*l - 45 = 3*w. Calculate the highest common divisor of k and l.
10
Suppose -y - 4*y = 4*a - 21, -4*y = 5*a - 24. Suppose -5*n + 56 = r + 5, 42 = a*n + 2*r. Calculate the highest common factor of n and 10.
10
Let m(z) = 5*z**2 - z - 4. Let y be m(-3). Let f be 1/4 + (-1756)/(-16). What is the highest common factor of y and f?
22
Let k(v) = -v**2 + 6*v + 2. Let b be k(6). Suppose -b*g - 37 = -137. What is the greatest common factor of g and 20?
10
Let s(j) = 4*j + 1. Let r be s(3). Suppose -13*d = -10*d - 78. What is the highest common divisor of d and r?
13
Let d be 2 + (-6)/(-9)*30. Let g = -15 + d. What is the greatest common divisor of 28 and g?
7
Suppose -77 = 3*a - 221. Let v(t) = 4*t + 3 - 2 + 7*t**2 - t**2 + t**3. Let m be v(-5). What is the highest common factor of a and m?
6
Suppose 0 = -w + 1, 5*i - 2*i - 80 = -2*w. Suppose 0 = -m - l + 24, -2*m + 3*l + i = -42. Calculate the greatest common factor of 252 and m.
28
Let z be 2/5 - 159/(-15). What is the greatest common factor of z and 77?
11
Let i(o) = -o + 7. Let s be i(0). What is the highest common divisor of s and 35?
7
Let u(z) = -3*z - 3. Let h be u(-2). Suppose -5*g + 243 = -3*w - 47, -150 = -h*g - 3*w. What is the highest common divisor of 11 and g?
11
Let s be (0 + 0 - 2)*-22. What is the highest common divisor of s and 11?
11
Let l(m) = -m**2 - 6*m - 1. Let j be l(-7). Let u be ((-18)/j)/(8/192). Calculate the greatest common divisor of 18 and u.
18
Suppose -4*y - i = -43, 26 = 4*y - 3*i - 21. Let x be (-3)/(-9) + (-1186)/(-6). Suppose 0*s = -2*s + x. Calculate the greatest common factor of y and s.
11
Let t(z) = 4*z - 5. Let s be t(7). Let j = s - 13. What is the greatest common factor of j and 30?
10
Suppose 243 = -q + 2*h, -q - 5*h = -0*q + 250. Let j = -44 - q. Suppose 3*i - 3*b = j, b - 41 - 36 = -i. What is the greatest common factor of 9 and i?
9
Suppose 0 = -5*t + 260 + 65. What is the greatest common divisor of 26 and t?
13
Let b(m) = m**2 + 3*m. Let r be b(-5). Let o = r - -4. Calculate the highest common factor of 14 and o.
14
Let v be 0/(-2) - (-6 - -4). Let p = v + -1. Let k be p + 0 + -1 - -45. What is the highest common factor of 30 and k?
15
Suppose 0*z - 42 = -m - 4*z, 0 = -3*m + 5*z + 41. Let s = -16 + m. Calculate the highest common divisor of s and 2.
2
Suppose 0 = 5*v - 12 - 13. Suppose 6 = f - 2*p, p - v = -0*p. What is the greatest common divisor of f and 176?
16
Suppose -t - 3*d = d + 22, -d - 5 = 0. Let l = t + 8. Let p be 12/(18/(-22) - -1). Calculate the greatest common divisor of l and p.
6
Suppose 0 = -4*g + 3*d + 59, 2*d = -5*g + 5*d + 70. Calculate the highest common divisor of g and 22.
11
Suppose 0 = 5*h - 0*h + 5*d - 85, 2*d = -5*h + 70. What is the greatest common factor of h and 60?
12
Suppose 5*z - 200 = 3*z. Calculate the greatest common divisor of z and 40.
20
Let q(c) = 28*c**3 - 2*c**2 + 2*c - 1. Let z be q(1). Let g be (z - -1)/2 + 1. Calculate the greatest common factor of g and 120.
15
Suppose 4*p - 112 = 3*p. Suppose 0*j - p = -4*j. Suppose 2*b - 12 = -4. Calculate the highest common factor of j and b.
4
Suppose 2*i + 3 = 1. Let y(r) = -101*r - 2. Let v be y(i). Calculate the greatest common divisor of 9 and v.
9
Let o(u) = -2 - 8*u - 3 + 0 + 2. Let n be o(4). Let i be (-1*1)/(7/n). What is the highest common factor of i and 10?
5
Let y be (2 - -73)*(3 + -2). Let t(b) = 16*b**2 + 3*b + 2. Let d be t(-2). Suppose 3*w = 5*w - d. Calculate the greatest common factor of w and y.
15
Let m be ((-6)/4)/(12/(-16)). What is the greatest common divisor of 16 and m?
2
Suppose 3*c - 4*p - 103 = 0, -3*c + 3*p = -4*c + 17. Calculate the greatest common factor of c and 261.
29
Suppose 0 = 3*b - 4 - 23. What is the highest common factor of b and 63?
9
Let z = 17 - 13. Suppose -3*o + 4*k = -z, 3*o = 5*k - 0*k - 1. Calculate the highest common divisor of o and 72.
8
Let v(k) be the second derivative of k**5/20 + 7*k**4/12 - 3*k**3/2 + 9*k**2/2 + 3*k. Let z be v(-8). What is the greatest common factor of z and 51?
17
Suppose 4*r = -0*r + 332. Suppose -3*k = -r - 1. Let s = -3 + 10. Calculate the highest common divisor of k and s.
7
Let f be (-9)/18 + (-7)/(-2). Suppose 0 = f*j + 2*j - 110. Let k be (2/3)/((-2)/(-6)). What is the highest common factor of j and k?
2
Let p(b) = b**3 - b**2 + b + 5. Let x be p(0). Suppose -25 = -x*s, -85 = 3*v + 2*v + 3*s. Let c = 22 - v. What is the highest common factor of 14 and c?
14
Suppose -7 + 1 = -2*m. Suppose -m*u = 2*u + 30. Let o be (-2 + 0)/(u/33). What is the highest common factor of o and 11?
11
Let y = 14 + -9. Suppose y*b - 3*b - 32 = 0. Let a(d) = 2*d**2 - 5*d + 6. Let f be a(6). What is the highest common divisor of f and b?
16
Suppose 32 = -4*x - 4. Let d be -8 - x - (0 + -71). Calculate the highest common divisor of d and 9.
9
Let f(x) = -x**2 + 6*x - 3. Let v be f(5). Suppose 3*u + v*d - 51 - 32 = 0, 3*u = -d + 79. What is the highest common divisor of 125 and u?
25
Let l(k) = 3*k**2. Let q be l(-6). Suppose q = c - d - 32, -2*d + 8 = 0. What is the greatest common factor of c and 18?
18
Let m(j) = -4*j - 25. Let i be m(-12). What is the highest common factor of 23 and i?
23
Suppose -2*s - 5*m + 120 = 0, -4*s + 2*s = -5*m - 140. Let o(g) = g**2 + g + 1. Let k be o(3). What is the greatest common factor of k and s?
13
Suppose 0 = -0*m - 4*m + 16. Suppose i + 14 = 4*c, -4*c - 6 + 30 = m*i. Suppose i*d = -d + 54. What is the greatest common factor of 6 and d?
6
Suppose 0*x + 5*x = 260. Calculate the greatest common factor of x and 13.
13
Suppose -294 = i - 295. Suppose -6*g + 12 = -2*g. Calculate the highest common divisor of i and g.
1
Let k(z) = -34*z + 2. Let d(v) = 2*v. Let y be d(-1). Let r be k(y). Let p be (-2)/1*r/(-4). Calculate the greatest common divisor of 14 and p.
7
Let h(c) = -c + 8. Let t be h(-6). Calculate the highest common factor of 28 and t.
14
Suppose 5*s = s + 56. Let u(j) = 2*j**2 + 4*j + 2. Let q be u(-2). What is the highest common factor of s and q?
2
Let f = -1270 - -2296. Let n be f/16 - 2/16. What is the highest common divisor of 8 and n?
8
Suppose -2*l = 4*r - 220, 6*r - 2*r = 4. What is the highest common divisor of 72 and l?
36
Let q be (-2 - -5) + -8 + 2. Let j be 25*1 - (q - -1). Suppose 0 = -3*b - 0*b + 54. Calculate the highest common factor of b and j.
9
Suppose -4*z - 4*i + 44 = 0, -5 = -5*z - 4*i + 51. Calculate the highest common divisor of z and 12.
12
Suppose 2*b = -2*b. Suppose d + b = 32. What is the greatest common factor of d and 16?
16
Suppose 68 = 4*r - 112. Suppose -2*k = h - 21, h - 5*k + r = 3*h. Calculate the highest common divisor of h and 15.
15
Suppose -5*g + 22 = -13. Suppose -f - 1 = 2*r - 39, -5*r + 125 = -5*f. What is the highest common divisor of g and r?
7
Let m = -2 - -2. Suppose k - 3*k = 18. Let q = m - k. Calculate the highest common divisor of q and 81.
9
Let q = 7 - 6. Let d be 3*((-14)/(-3) - q). Suppose 3*s = 2*v - 37, -4*s + 5 - 3 = 2*v. Calculate the greatest common factor of v and d.
11
Suppose -6*i + 2*c = -2*i - 4, 2*i + 3*c - 2 = 0. Let k be ((-3 - i)*-4)/1. What is the highest common factor of 176 and k?
16
Let y(c) = 2*c + 4. Let t be y(3). Let n be 15*1/(-4)*72/(-27). What is the greatest common divisor of n and t?
10